c(7)?
0
Let g(q) = q**3 - 32*q**2 + 165*q - 10. Calculate g(8).
-226
Let t(z) = -58*z - 1404. Calculate t(-26).
104
Let q(l) = -l**3 + 23*l**2 - 127*l. Calculate q(14).
-14
Let s(h) = -70*h**2 + 464*h + 2. Determine s(7).
-180
Let g(m) = m**3 + 2*m**2 - 44*m + 1. What is g(6)?
25
Let l(s) = -9*s**2 + 22*s - 4. Give l(3).
-19
Let a(p) = p**3 - 92*p**2 + 183*p - 179. Give a(90).
91
Let p(k) = 2*k**2 + 6*k - 9. Determine p(1).
-1
Let h(f) = -f**3 - 59*f**2 - 218*f + 14. Determine h(-55).
-96
Let k(d) = -2764*d + 5545. Calculate k(2).
17
Let h(z) = -22*z + 678. Calculate h(30).
18
Let v(u) = 583*u + 1832. Calculate v(-6).
-1666
Let v(s) = -s**3 + 29*s**2 + 697*s + 1028. What is v(45)?
-7
Let t(d) = -4*d**2 - 91*d + 214. Give t(-25).
-11
Let j(i) = -217*i**3 - 2*i - 1. What is j(-1)?
218
Let n(l) = 19*l + 75. Determine n(-13).
-172
Let r(u) = -37*u + 93. Give r(4).
-55
Let f(b) = -214*b - 2566. Give f(-12).
2
Let f(v) = 16*v**2 - 1301*v + 355. What is f(81)?
-50
Let p(o) = -o**2 + 93*o - 1501. Calculate p(71).
61
Let u(y) = y**3 - 33*y**2 + 208*y - 208. Give u(25).
-8
Let y(l) = 99*l + 9045. What is y(-91)?
36
Let w(g) = -3*g - 45. Calculate w(-7).
-24
Let i(z) = z**3 - 9*z**2 + 58*z - 1132. What is i(12)?
-4
Let j(x) = 1078*x + 32337. What is j(-30)?
-3
Let h(m) = m**3 - 5*m**2 + 3*m + 1. Give h(6).
55
Let v(c) = c**2 + 227*c - 60292. What is v(157)?
-4
Let o(g) = 346*g - 1585. Calculate o(4).
-201
Let m(t) = -31*t**3 + 4*t**2 - 13*t + 7. Give m(2).
-251
Let k(v) = -35*v - 594. What is k(-13)?
-139
Let i(g) = -g**2 + 60*g + 997. Determine i(74).
-39
Let c(f) = -84*f + 3237. Give c(39).
-39
Let b(r) = 2*r**2 + 401*r - 9788. Calculate b(22).
2
Let c(a) = -7251*a + 36258. Determine c(5).
3
Let q(v) = -6*v**2 + 20*v - 21. Give q(1).
-7
Let r(g) = g**3 - 40*g**2 - 82*g - 53. Determine r(42).
31
Let r(k) = -k**3 - 25*k**2 - 80*k + 17. What is r(-21)?
-67
Let n(c) = -69*c**2 + 38*c + 19. Give n(2).
-181
Let j(s) = -5920*s - 23698. Determine j(-4).
-18
Let g(q) = -427*q - 6399. Determine g(-15).
6
Let p(u) = -407*u**3 - 10*u**2 - 14*u - 5. Determine p(-1).
406
Let o(n) = 5*n**3 - 3*n**2 - 5*n - 7. Give o(-3).
-154
Let u(g) = g**3 + 19*g**2 + 18*g - 57. Calculate u(-17).
215
Let l(h) = h**2 - 4904*h - 54067. Give l(-11).
-2
Let d(a) = a**2 - 9*a + 66. What is d(7)?
52
Let t(m) = 24*m + 37. Give t(2).
85
Let l(j) = -16321*j - 65280. Give l(-4).
4
Let a(i) = 61*i + 162. Calculate a(-2).
40
Let c(s) = -18*s**2 - 11*s - 73. Give c(-4).
-317
Let f(y) = -20*y - 72. Give f(-15).
228
Let f(t) = 2*t**2 - 215*t + 2704. Determine f(93).
7
Let q(n) = -3*n**2 - 280*n - 345. Calculate q(-92).
23
Let x(f) = f**3 - 11*f**2 - 18*f + 110. Determine x(10).
-170
Let t(i) = i**2 + 113*i + 2919. Give t(-40).
-1
Let p(s) = 19*s + 1079. What is p(-57)?
-4
Let p(r) = -10*r + 116. What is p(16)?
-44
Let v(b) = -3*b**2 + 267*b - 2972. Give v(76).
-8
Let o(v) = -11*v**2 - 187*v + 1834. Give o(7).
-14
Let j(o) = -722*o - 23106. What is j(-32)?
-2
Let p(i) = i**3 - 28*i**2 - 51*i - 87. What is p(30)?
183
Let m(j) = 2*j**2 - 32*j - 59. Give m(-2).
13
Let h(r) = -r**2 - 100*r - 997. Give h(-11).
-18
Let k(a) = -a**3 - 18*a**2 + 1611*a - 359. Calculate k(32).
-7
Let v(y) = -5*y**2 - 65*y + 280. Calculate v(4).
-60
Let h(w) = -w**2 - 34*w - 297. Determine h(-20).
-17
Let o(p) = 3*p**2 - 11*p + 260. Calculate o(12).
560
Let h(s) = -35*s + 1153. Determine h(33).
-2
Let d(s) = -41*s - 227. What is d(-6)?
19
Let l(t) = 7*t**2 - 146*t - 21. Give l(21).
0
Let g(c) = 2*c**3 - 40*c**2 - 89*c + 33. What is g(22)?
11
Let z(u) = -u**3 + 7*u**2 + 2820*u - 11305. What is z(4)?
23
Let m(y) = -67*y**2 - 16*y - 26. Determine m(-2).
-262
Let a(b) = -76*b + 383. Calculate a(6).
-73
Let g(i) = -i**2 + 14*i + 50. Determine g(-5).
-45
Let o(q) = 5*q**3 - 97*q**2 + 34*q + 69. What is o(19)?
-7
Let v(n) = -n**2 - 20*n + 124. Calculate v(-24).
28
Let t(y) = -1820*y - 18190. What is t(-10)?
10
Let g(o) = -o - 84. What is g(-15)?
-69
Let b(j) = 56*j + 5526. Give b(-99).
-18
Let v(l) = -4*l**3 - 5*l**2 + 156*l + 161. Determine v(-1).
4
Let g(x) = 45*x + 350. Give g(-8).
-10
Let x(n) = -63*n + 574. Determine x(8).
70
Let p(l) = 7*l - 714. Calculate p(104).
14
Let o(u) = u**3 - 42*u**2 - u - 61. Give o(42).
-103
Let f(s) = s**3 + 19*s**2 + 117*s + 1773. Determine f(-18).
-9
Let p(j) = -69*j**2 + 344*j - 20. Give p(5).
-25
Let g(h) = 17*h**2 - 1138*h - 44. Determine g(67).
23
Let y(k) = 9*k**2 + 80*k - 9. What is y(-8)?
-73
Let u(l) = -1082*l + 1996. Calculate u(2).
-168
Let m(n) = 4*n + 32. What is m(-32)?
-96
Let k(s) = s**3 - 49*s**2 - 588*s - 129. Determine k(59).
-11
Let b(p) = -10*p**2 - 42*p - 43. What is b(-1)?
-11
Let d(p) = p**3 - 13*p**2 - 6*p - 42. Give d(12).
-258
Let p(k) = 113*k - 1217. Determine p(12).
139
Let c(a) = -a**3 - 8*a**2 - 29*a - 152. Give c(-7).
2
Let d(y) = 160*y + 121. Calculate d(-3).
-359
Let o(a) = 185*a**2 + 206*a + 15. What is o(-1)?
-6
Let p(v) = -6*v**3 - 17*v**2 - v + 5. Give p(-3).
17
Let h(v) = -29*v + 232. Calculate h(7).
29
Let p(t) = -112*t - 1681. Determine p(-15).
-1
Let b(j) = -28*j + 260. Calculate b(9).
8
Let i(c) = c**2 - 538*c - 14676. Give i(-26).
-12
Let p(z) = 2*z**3 - 27*z**2 - 49*z + 58. What is p(15)?
-2
Let b(k) = -k**3 - 9*k**2 + 59*k + 312. Calculate b(-6).
-150
Let j(a) = -a**2 - 51*a - 163. Give j(-49).
-65
Let k(f) = 14*f**3 - 16*f**2 - 8*f + 13. Determine k(2).
45
Let i(g) = -13*g + 331. Give i(27).
-20
Let x(s) = -129*s**2 + 10*s - 10. Calculate x(1).
-129
Let i(t) = 2*t**3 - 154*t**2 - 80*t - 5931. Determine i(78).
-3
Let c(m) = -m**3 - 3*m**2 + 4968*m - 50. Determine c(-72).
-50
Let t(v) = -191*v - 3625. Give t(-19).
4
Let y(f) = -15*f**2 - 4*f - 30. Give y(-5).
-385
Let j(c) = c**2 + 427*c - 3474. Determine j(8).
6
Let i(w) = -5*w**2 - 47*w + 90. Determine i(2).
-24
Let w(z) = z**2 - 50*z - 119. Determine w(25).
-744
Let q(a) = a**2 + 32*a + 25. Give q(-1).
-6
Let w(k) = 13*k**2 + 56*k + 24. Calculate w(-7).
269
Let y(v) = v**3 - 24*v + 81. Give y(3).
36
Let f(x) = x**3 + 18*x**2 + 27*x - 11. Give f(-16).
69
Let m(x) = -x**3 + 9*x**2 - 71*x + 1015. Determine m(11).
-8
Let k(r) = -6*r**2 + 39*r - 15. Determine k(4).
45
Let d(h) = 2*h**2 + 232*h + 677. Calculate d(-3).
-1
Let b(c) = -c**2 + 296*c + 1794. Calculate b(-6).
-18
Let n(z) = -z**2 - 476*z - 2843. Determine n(-6).
-23
Let a(q) = 6*q - 124. Give a(5).
-94
Let b(k) = -k**3 - 14*k**2 - 3*k - 274. Calculate b(-15).
-4
Let s(w) = -2*w**3 + 4*w**2 - 3*w + 16. What is s(4)?
-60
Let i(u) = -u**2 + 8*u + 7. Determine i(8).
7
Let q(k) = -k**2 + k + 66. What is q(5)?
46
Let p(i) = -2*i**3 + 18*i**2 + 39*i - 185. Determine p(10).
5
Let p(g) = 2*g**3 - 27*g**2 - 17*g - 410. Calculate p(15).
10
Let g(k) = 10*k**2 - 203*k + 47. Give g(20).
-13
Let o(a) = a**3 - 67*a**2 + 140*a - 653. What is o(65)?
-3
Let z(i) = -2*i**2 + 79*i + 8. Give z(44).
-388
Let t(d) = -d**2 - 91*d - 441. Give t(-5).
-11
Let h(v) = -32*v**2 + 301*v - 138. Calculate h(9).
-21
Let f(w) = 5*w**2 - 39*w - 174. What is f(-3)?
-12
Let z(i) = 2055*i - 14387. Give z(7).
-2
Let p(w) = w**3 + 9*w**2 - 5*w + 27. Determine p(-13).
-584
Let d(l) = 41*l + 495. Give d(-4).
331
Let f(j) = -5*j**2 + 27*j + 189. What is f(-6)?
-153
Let f(c) = -c**2 - 213*c - 827. Calculate f(-4).
9
Let u(g) = 43*g - 376. Determine u(6).
-118
Let v(u) = 287*u - 31288. Determine v(109).
-5
Let b(t) = -214*t + 1721. Give b(9).
-205
Let j(f) = f**3 - 15*f**2 + 59*f - 881. Determine j(15).
4
Let z(n) = -n**3 - 8*n**2 + 8*n - 3. Give z(-9).
6
Let h(j) = 832*j - 720. What is h(1)?
112
Let m(f) = -602*f + 266686. Calculate m(443).
0
Let r(n) = -n**3 + 11*n**2 + 14. Calculate r(0).
14
Let y(q) = -q**2 + 14*q - 21. What is y(9)?
24
Let v(d) = -17*d + 204. Calculate v(7).
85
Let f(p) = -36*p + 1454. Give f(34).
230
Let z(r) = -36*r**3 - 2*r**2 + r - 1. Calculate z(1).
-38
Let u(j) = -3*j**3 - 259*j**2 - 71*j + 1283. What is u(-86)?
-7
Let q(p) = 3*p**3 - 17*p**2 - 55*p + 10. Give q(8).
18
Let h(y) = 2*y**3 + 26*y**2 + 7*y - 9. Determine h(-12).
195
Let h(c) = 20*c + 18. Give h(-4).
-62
Let n(m) = 2*m**3 + 36*m**2 + 139*m + 129. What is n(-13)?
12
Let d(l) = -l**3 + 29*l**2 - 53*l - 53. Determine d(27).
-26
Let r(p) = -99*p - 3480. What is r(-35)?
-15
Let j(o) = -55*o - 219. Wh